 (-248 - 0). Suppose -h = -z + 15. Is z a composite number?
False
Let o(h) = 27*h**2 + 17*h - 1. Is o(11) prime?
False
Let g(z) = -9*z**3 + 6*z**2 - 8*z - 8. Is g(-9) a prime number?
False
Let a = -7 + 3. Is a/(-16) + 3225/12 a prime number?
True
Let v be ((-16)/(-40))/(2/20). Is (2 + v)/(6/267) prime?
False
Let r(u) = -94*u - 34 + 10*u - 31. Is r(-27) a prime number?
True
Suppose -2*h = 4*f - 54302, -1420 = -2*h - 2*f + 52874. Is h composite?
False
Is (-164)/(-574) - (-360501)/21 composite?
False
Let z(j) = 78670*j**2 - 13*j + 16. Is z(1) a composite number?
True
Suppose 7*f = 5*f - 5*k + 8337, f + 4*k = 4161. Is f a prime number?
False
Let w(l) = -7 + 212 + 6 + l. Let s = 156 - 156. Is w(s) a composite number?
False
Is 8/(12/(-6)) + 0 + 2907 a prime number?
True
Let j(r) = 2155*r + 48. Is j(1) a composite number?
False
Suppose -9 = -3*z - 3. Suppose 0 = -z*x + 1 + 15. Is 370/x + 6/(-24) a prime number?
False
Let p(n) = 46*n**2 - 3*n + 7. Let o be (-16)/10*115/(-46). Is p(o) a prime number?
False
Suppose 3*q = -4*c + 22, -2*q + 0*q = -5*c - 7. Is (-2)/q - 20768/(-33) a prime number?
False
Suppose -76*o = -80*o + 28452. Suppose a + o = 4*a. Is a composite?
False
Suppose -3*u + 2111 + 96 = -m, m = 4. Is u a composite number?
True
Let u(g) = -g + 1. Let v(x) = -x**2 + 14*x - 16. Let k(n) = -u(n) - v(n). Let s be k(12). Suppose 0 = -0*j + 4*j - 4*c - 36, -25 = -s*j + 5*c. Is j prime?
False
Suppose 11 = 2*i - 3*m, 4*i - 2 = -3*m - 25. Let y be (-4)/(-1 - (-1 - i)). Suppose 2*l = 4*n - 372, -3*l - y*l = n - 115. Is n composite?
True
Suppose -15*c + 13317 = -12*c. Is c composite?
True
Let s(m) = 310*m**2 + m - 7. Is s(8) prime?
True
Suppose -9108 = q - 5*q. Suppose -4*r - 2*z + 9414 = 0, -2*r + q = -2*z - 2415. Is r a prime number?
True
Let u = 32 + -22. Is -2714*((-35)/u)/7 a prime number?
False
Let v(k) = -3*k**3 - 5*k**2 + 8*k + 7. Let m = 4 - 5. Let q = -4 + m. Is v(q) composite?
True
Let v be 1 + (-49)/63 + 4/(-18). Suppose 3*o - 19 = 2*g, -4*g = -4*o - g + 26. Suppose o*l = 5*d + 115, 5*l = 2*d - v*d + 109. Is l prime?
False
Suppose 5692 = 4*p - 936. Is p composite?
False
Is (-10)/((-120)/16209)*16/12 composite?
False
Suppose 2*h - 2*c = -2*h + 2, -c + 3 = 0. Let k be ((-3)/h)/((-3)/16). Is (314/k)/(3/12) prime?
True
Let d = -122 - -27. Let x = d - -549. Is x prime?
False
Let y(v) = -75*v**3 - 6*v**2 - 7*v - 63. Is y(-7) a composite number?
True
Suppose -5*y - c = -37176, -5*c = -2 - 3. Is y a composite number?
True
Let q = -43 - 217. Let z = -111 - q. Is z composite?
False
Let m = 9409 - 6554. Is m a prime number?
False
Let i be -705*(-2 + (-8)/(-6)). Let s = i - -217. Is s composite?
True
Suppose -4*c + 3*q + 16769 = 4330, 0 = 4*c + 2*q - 12434. Is c prime?
True
Let o(n) = -n**3 - 6*n**2 - 4*n - 45. Is o(-14) a composite number?
False
Let h(b) = b**3 + 12*b**2 + 16*b - 2. Let a be h(-10). Is (139517/a)/(2/4) a prime number?
False
Is 23 + -15 - (-45186)/2 a prime number?
False
Is 4/(-26) + 335271699/2847 composite?
False
Suppose 4*j - 4 = 4. Is 4/(-4) - 1*(j + -824) a prime number?
True
Let k(s) = 0 + 3 + 7 + 10*s - 4. Let h be k(7). Let t = -42 + h. Is t composite?
True
Suppose 5*d - 35798 = -3*b + 23949, 0 = 3*b - 4*d - 59765. Is b a composite number?
False
Is 13790 - ((-10)/(-4) - 154/28) prime?
False
Let y(b) = b**2 - 5*b + 4. Let n be y(5). Let d(a) = -a + 3. Let q be d(n). Is 381*(q/1)/(-3) a prime number?
True
Let s be 56/72 - (-2)/9. Let x be (4/(-8)*-8)/s. Is (-6582)/x*12/(-18) composite?
False
Suppose -5*j + 12 = -13. Suppose 4*m + j*h - 494 - 384 = 0, 1116 = 5*m - 3*h. Suppose -i + t + 119 = -4*t, -2*t = -2*i + m. Is i prime?
True
Is (69/(-92))/((-4)/81232) prime?
False
Suppose 22*q = 21*q + 12. Suppose 689 - q = d. Is d a composite number?
False
Let s be ((-608)/64)/(-1 + 137/138). Is s/76*44/3 composite?
True
Let n(d) = 3 + 34*d**2 + 18*d**2 + 5*d + 2 - d. Is n(6) composite?
False
Let j be -2 + 15 - (-4 - -1). Is (-4)/j + (-2 - 517/(-4)) prime?
True
Let x(p) = p - 9. Let a be x(9). Suppose -2*o + 3*c + 10 = 0, 12 = 5*o - a*c - c. Suppose -181 = -o*s + 1. Is s a prime number?
False
Suppose 0*j + 72 = 3*j. Let g = 61 + j. Suppose 64 = n - g. Is n prime?
True
Suppose -13*g = -6*g - 28049. Is g composite?
False
Let a(u) = u**2 + 2*u - 10. Let r be ((-5)/10)/((-3)/(-66)). Let q be a(r). Suppose 2*d + q = 3*d. Is d prime?
True
Let o(y) = 3*y**2 + 2*y + 3647. Is o(0) prime?
False
Suppose 0 = 11*f - 14*f - 3. Let t = 2 - f. Suppose 2*u - t*i = -5*i + 102, 3*u = -2*i + 157. Is u prime?
False
Suppose -3*u + 8*u = 2185. Let o(y) = -5*y**3 - y**2 - y - 1. Let q be o(-1). Suppose q*h - 3*c = 3*h + u, 5*h - c = 2213. Is h composite?
False
Let y = 86 - 82. Suppose 642 = 2*x + y*o, 0 = x - 2*o + o - 330. Is x composite?
True
Let d(y) = 52*y**2 - 3*y - 2. Let l(o) = -2*o + 1. Let v be (-10)/(-12) + 1/6. Let g be l(v). Is d(g) composite?
False
Suppose 5*f = 2*b - 87 - 352, -4*b + 5*f + 863 = 0. Suppose 0 = -12*g + b + 484. Is g composite?
True
Let h be (-5)/(-10) - 9/(-6). Is 0 - 0/h - -929 a composite number?
False
Suppose 3509*h - 224888 = 3501*h. Is h a composite number?
False
Let b(v) = -v**2 + 4*v. Let o be b(4). Suppose o = 4*l + 1 - 21. Suppose y = j + 4*j + 162, -l*y + 3*j + 788 = 0. Is y prime?
True
Let p(r) = -r + 3. Let b be p(3). Suppose 3*v - 37 - 518 = b. Is v prime?
False
Is -8*10390/(-160)*(6 + 0) a composite number?
True
Suppose 7*f + 2 = 8*f. Suppose m = -f*m + 6. Suppose 104 + 6 = m*x. Is x a prime number?
False
Suppose -3*s = -s - 14. Suppose 2 - s = -x. Let y(n) = 8*n**2 - 4*n - 1. Is y(x) composite?
False
Let i(y) = 212*y. Let n be i(6). Let b = n - 579. Suppose -q + 638 = p, 2*q = 4*p + b + 565. Is q prime?
False
Suppose -3*r + 7*r + 8 = 0. Is ((r - -131)/(-3))/((-3)/129) a prime number?
False
Suppose 0 = -131*k + 62*k + 710079. Is k composite?
True
Is 100/175*(32141/2 + -2) a prime number?
False
Let l(q) = 2*q**2 + q**3 + 4*q**2 + 2*q**2 - 1 - 2*q. Suppose 3*h = a - 23, 2*a - 33 = 3*h - a. Is l(h) prime?
True
Let d(v) be the third derivative of -9*v**5/20 - v**4/12 + v**3/6 + v**2. Let j be d(2). Let g = -56 - j. Is g composite?
True
Let u(x) = 7*x**3 + x**2 + x - 1. Let f be u(1). Let n = -68 + 81. Is (n - -1)*164/f composite?
True
Let g(t) = t**3 - 35*t**2 + 22*t + 2. Let b(m) = -m**3 + 19*m**2 - 12*m - 1. Let w(l) = -11*b(l) - 6*g(l). Let f = 6 - 4. Is w(f) prime?
True
Let h = 167225 + -95969. Is (-30)/(-50) - h/(-15) a composite number?
False
Let w be (25 + -1)/(-4) + 2. Let x be (56/21)/(w/(-6)). Suppose -l - k - 289 = -x*l, 0 = -4*l - 3*k + 394. Is l prime?
True
Suppose -8*n + 5*v = -9*n + 16301, 3*n - 48903 = -2*v. Is n prime?
True
Let q = 9962 - 5913. Is q a composite number?
False
Let r be 304/64 - (-2)/8. Suppose -t - 20 = 3*t, -r*x + 1200 = -5*t. Is x prime?
False
Suppose 0 = 9*t - 1107 - 7632. Let f = t + -472. Is f a composite number?
False
Let i be ((-81)/(-21) + -3)*7. Is 1 + 799 - i/6 prime?
False
Let p = 7554 + -3367. Is p prime?
False
Let j(w) = w**3 - 8*w**2 - 8*w - 7. Let i = 22 + -13. Let z be j(i). Suppose -269 = d - 4*d + 4*a, a + 181 = z*d. Is d composite?
True
Suppose -3*p = -j - 46 + 20, -2*j - 8 = 5*p. Let r = 17 + j. Is 1/r - 1004/(-3) a composite number?
True
Let v = 251 + 966. Is v composite?
False
Suppose 19*z - 4*z = 1304205. Is z prime?
False
Suppose -25203 = -5*n - 2*z, -2*n - 4*z = -0*z - 10094. Is n a composite number?
False
Let f(v) = 1 + 252*v**2 + 115*v**2 - 52*v**2 - 2. Is f(-2) a prime number?
True
Let c = 33 + -16. Suppose 0 = x - 166 + c. Is x composite?
False
Let c(o) be the second derivative of 2*o**4/3 + 7*o**2/2 + 6*o. Let p be c(10). Suppose 3*f - 475 = 4*v, 5*f + v - p = -0*f. Is f a prime number?
False
Suppose -5*a + 0*f - 2*f = -11789, 4*f - 11783 = -5*a. Let q = a - 1452. Is q prime?
True
Let t(p) = -p**2 - 5*p - 4. Let q be t(-3). Let i be ((-3)/(-6))/(q/(-48)). Is (-6)/8 - 717/i composite?
False
Suppose 0 = 2*h - 4*w - 1362, 123*w - 3415 = -5*h + 128*w. Is h a prime number?
False
Suppose -2*l = 1 + 1. Let f = l + 5. Suppose f*t - 1169 = -301. Is t a composite number?
True
Let j be (21/2)/((-6)/8). Let n(v) be the first derivative of -19*v**2 + 3*v + 134. Is n(j) composite?
True
Let f = 1428 - 3548. Is (3/(-2))/(2132/f - -1) a prime number?
False
Suppose 13*i - 28*i 